{"id":672,"date":"2020-12-01T09:55:54","date_gmt":"2020-12-01T14:55:54","guid":{"rendered":"https:\/\/testudearroba.udea.edu.co\/siciudadania\/?page_id=672"},"modified":"2021-03-02T13:49:34","modified_gmt":"2021-03-02T18:49:34","slug":"orientaciones-2","status":"publish","type":"page","link":"https:\/\/laboratoriosciudadanos.siciudadania.co\/index.php\/orientaciones-2\/","title":{"rendered":"Orientaciones"},"content":{"rendered":"\n<p class=\"has-medium-font-size\">Recuerda que este infogr\u00e1fico es nuestra hoja de ruta a lo largo de los laboratorios. Te invitamos a leer los recuadros segundo y tercero donde encontrar\u00e1s algunas orientaciones acerca de lo que significa la construcci\u00f3n social del conocimiento, esto ser\u00e1 muy \u00fatil para las actividades que realizaremos en este laboratorio.<\/p>\n\n\n\n<div class=\"wp-block-image\"><figure class=\"aligncenter size-large is-resized\"><img loading=\"lazy\" src=\"https:\/\/laboratoriosciudadanos.siciudadania.co\/wp-content\/uploads\/2020\/12\/INER_MF1_-Infografia_Elementos-activadores_V7_15_12_2020_-min-276x1024.jpg\" alt=\"\" class=\"wp-image-824\" width=\"748\" height=\"2775\" srcset=\"https:\/\/laboratoriosciudadanos.siciudadania.co\/wp-content\/uploads\/2020\/12\/INER_MF1_-Infografia_Elementos-activadores_V7_15_12_2020_-min-276x1024.jpg 276w, https:\/\/laboratoriosciudadanos.siciudadania.co\/wp-content\/uploads\/2020\/12\/INER_MF1_-Infografia_Elementos-activadores_V7_15_12_2020_-min-81x300.jpg 81w, https:\/\/laboratoriosciudadanos.siciudadania.co\/wp-content\/uploads\/2020\/12\/INER_MF1_-Infografia_Elementos-activadores_V7_15_12_2020_-min-768x2849.jpg 768w, https:\/\/laboratoriosciudadanos.siciudadania.co\/wp-content\/uploads\/2020\/12\/INER_MF1_-Infografia_Elementos-activadores_V7_15_12_2020_-min-414x1536.jpg 414w, https:\/\/laboratoriosciudadanos.siciudadania.co\/wp-content\/uploads\/2020\/12\/INER_MF1_-Infografia_Elementos-activadores_V7_15_12_2020_-min-552x2048.jpg 552w, https:\/\/laboratoriosciudadanos.siciudadania.co\/wp-content\/uploads\/2020\/12\/INER_MF1_-Infografia_Elementos-activadores_V7_15_12_2020_-min-scaled.jpg 690w\" sizes=\"(max-width: 748px) 100vw, 748px\" \/><\/figure><\/div>\n\n\n\n<p><\/p>\n\n\n\n<div class=\"wp-block-buttons\">\n<div class=\"wp-block-button is-style-outline\"><a class=\"wp-block-button__link has-black-color has-text-color\" href=\"https:\/\/laboratoriosciudadanos.siciudadania.co\/index.php\/lab-2-identificacion\/\">Volver<\/a><\/div>\n<\/div>\n\n\n\n<p><\/p>\n","protected":false},"excerpt":{"rendered":"<p>Recuerda que este infogr\u00e1fico es nuestra hoja de ruta a lo largo de los laboratorios. Te invitamos a leer los recuadros segundo y tercero donde encontrar\u00e1s algunas orientaciones acerca de lo que significa la construcci\u00f3n social del conocimiento, esto ser\u00e1 muy \u00fatil para las actividades que realizaremos en este laboratorio.<\/p>\n","protected":false},"author":1,"featured_media":0,"parent":0,"menu_order":0,"comment_status":"closed","ping_status":"closed","template":"","meta":[],"_links":{"self":[{"href":"https:\/\/laboratoriosciudadanos.siciudadania.co\/index.php\/wp-json\/wp\/v2\/pages\/672"}],"collection":[{"href":"https:\/\/laboratoriosciudadanos.siciudadania.co\/index.php\/wp-json\/wp\/v2\/pages"}],"about":[{"href":"https:\/\/laboratoriosciudadanos.siciudadania.co\/index.php\/wp-json\/wp\/v2\/types\/page"}],"author":[{"embeddable":true,"href":"https:\/\/laboratoriosciudadanos.siciudadania.co\/index.php\/wp-json\/wp\/v2\/users\/1"}],"replies":[{"embeddable":true,"href":"https:\/\/laboratoriosciudadanos.siciudadania.co\/index.php\/wp-json\/wp\/v2\/comments?post=672"}],"version-history":[{"count":12,"href":"https:\/\/laboratoriosciudadanos.siciudadania.co\/index.php\/wp-json\/wp\/v2\/pages\/672\/revisions"}],"predecessor-version":[{"id":876,"href":"https:\/\/laboratoriosciudadanos.siciudadania.co\/index.php\/wp-json\/wp\/v2\/pages\/672\/revisions\/876"}],"wp:attachment":[{"href":"https:\/\/laboratoriosciudadanos.siciudadania.co\/index.php\/wp-json\/wp\/v2\/media?parent=672"}],"curies":[{"name":"wp","href":"https:\/\/api.w.org\/{rel}","templated":true}]}}