{"id":674,"date":"2020-12-01T09:56:55","date_gmt":"2020-12-01T14:56:55","guid":{"rendered":"https:\/\/testudearroba.udea.edu.co\/siciudadania\/?page_id=674"},"modified":"2021-03-02T13:51:08","modified_gmt":"2021-03-02T18:51:08","slug":"reto","status":"publish","type":"page","link":"https:\/\/laboratoriosciudadanos.siciudadania.co\/index.php\/reto\/","title":{"rendered":"Reto"},"content":{"rendered":"\n<p class=\"has-medium-font-size\">Escucha atentamente este podcast que hemos realizado para ti y en el que te damos algunas ideas para convertir un problema en un reto, aqu\u00ed tambi\u00e9n resaltamos la importancia de la construcci\u00f3n de retos en los procesos de Participaci\u00f3n Ciudadana.<\/p>\n\n\n\n<iframe width=\"560\" height=\"315\" src=\"https:\/\/www.youtube.com\/embed\/WndneMislwk\" frameborder=\"0\" allow=\"accelerometer; autoplay; clipboard-write; encrypted-media; gyroscope; picture-in-picture\" allowfullscreen=\"\"><\/iframe>\n\n\n\n<div class=\"wp-block-buttons\">\n<div class=\"wp-block-button is-style-outline\"><a class=\"wp-block-button__link has-black-color has-text-color\" href=\"https:\/\/laboratoriosciudadanos.siciudadania.co\/index.php\/lab-2-identificacion\/\">Volver<\/a><\/div>\n<\/div>\n","protected":false},"excerpt":{"rendered":"<p>Escucha atentamente este podcast que hemos realizado para ti y en el que te damos algunas ideas para convertir un problema en un reto, aqu\u00ed tambi\u00e9n resaltamos la importancia de la construcci\u00f3n de retos en los procesos de Participaci\u00f3n Ciudadana.<\/p>\n","protected":false},"author":1,"featured_media":0,"parent":0,"menu_order":0,"comment_status":"closed","ping_status":"closed","template":"","meta":[],"_links":{"self":[{"href":"https:\/\/laboratoriosciudadanos.siciudadania.co\/index.php\/wp-json\/wp\/v2\/pages\/674"}],"collection":[{"href":"https:\/\/laboratoriosciudadanos.siciudadania.co\/index.php\/wp-json\/wp\/v2\/pages"}],"about":[{"href":"https:\/\/laboratoriosciudadanos.siciudadania.co\/index.php\/wp-json\/wp\/v2\/types\/page"}],"author":[{"embeddable":true,"href":"https:\/\/laboratoriosciudadanos.siciudadania.co\/index.php\/wp-json\/wp\/v2\/users\/1"}],"replies":[{"embeddable":true,"href":"https:\/\/laboratoriosciudadanos.siciudadania.co\/index.php\/wp-json\/wp\/v2\/comments?post=674"}],"version-history":[{"count":6,"href":"https:\/\/laboratoriosciudadanos.siciudadania.co\/index.php\/wp-json\/wp\/v2\/pages\/674\/revisions"}],"predecessor-version":[{"id":877,"href":"https:\/\/laboratoriosciudadanos.siciudadania.co\/index.php\/wp-json\/wp\/v2\/pages\/674\/revisions\/877"}],"wp:attachment":[{"href":"https:\/\/laboratoriosciudadanos.siciudadania.co\/index.php\/wp-json\/wp\/v2\/media?parent=674"}],"curies":[{"name":"wp","href":"https:\/\/api.w.org\/{rel}","templated":true}]}}