{"id":751,"date":"2020-12-01T14:19:45","date_gmt":"2020-12-01T19:19:45","guid":{"rendered":"https:\/\/testudearroba.udea.edu.co\/siciudadania\/?page_id=751"},"modified":"2021-03-18T14:06:05","modified_gmt":"2021-03-18T19:06:05","slug":"prototipo","status":"publish","type":"page","link":"https:\/\/laboratoriosciudadanos.siciudadania.co\/index.php\/prototipo\/","title":{"rendered":"Prototipo"},"content":{"rendered":"\n<p>Concretar nuestras ideas de una manera r\u00e1pida y sencilla para recibir retroalimentaci\u00f3n temprana es clave para llevarlas a feliz t\u00e9rmino. Este v\u00eddeo te mostrar\u00e1 qu\u00e9 es un prototipo y para qu\u00e9 sirve.<\/p>\n\n\n\n<div style=\"height:70px\" aria-hidden=\"true\" class=\"wp-block-spacer\"><\/div>\n\n\n\n<figure class=\"wp-block-video\"><video autoplay controls muted src=\"https:\/\/laboratoriosciudadanos.siciudadania.co\/wp-content\/uploads\/2021\/03\/Prototipo.mp4\"><\/video><\/figure>\n\n\n\n<div class=\"wp-block-buttons\">\n<div class=\"wp-block-button is-style-outline\"><a class=\"wp-block-button__link has-black-color has-text-color\" href=\"https:\/\/laboratoriosciudadanos.siciudadania.co\/index.php\/lab-4-ideacion\/\" style=\"border-radius:20px\">Volver<\/a><\/div>\n<\/div>\n","protected":false},"excerpt":{"rendered":"<p>Concretar nuestras ideas de una manera r\u00e1pida y sencilla para recibir retroalimentaci\u00f3n temprana es clave para llevarlas a feliz t\u00e9rmino. Este v\u00eddeo te mostrar\u00e1 qu\u00e9 es un prototipo y para qu\u00e9 sirve.<\/p>\n","protected":false},"author":1,"featured_media":0,"parent":0,"menu_order":0,"comment_status":"closed","ping_status":"closed","template":"","meta":[],"_links":{"self":[{"href":"https:\/\/laboratoriosciudadanos.siciudadania.co\/index.php\/wp-json\/wp\/v2\/pages\/751"}],"collection":[{"href":"https:\/\/laboratoriosciudadanos.siciudadania.co\/index.php\/wp-json\/wp\/v2\/pages"}],"about":[{"href":"https:\/\/laboratoriosciudadanos.siciudadania.co\/index.php\/wp-json\/wp\/v2\/types\/page"}],"author":[{"embeddable":true,"href":"https:\/\/laboratoriosciudadanos.siciudadania.co\/index.php\/wp-json\/wp\/v2\/users\/1"}],"replies":[{"embeddable":true,"href":"https:\/\/laboratoriosciudadanos.siciudadania.co\/index.php\/wp-json\/wp\/v2\/comments?post=751"}],"version-history":[{"count":5,"href":"https:\/\/laboratoriosciudadanos.siciudadania.co\/index.php\/wp-json\/wp\/v2\/pages\/751\/revisions"}],"predecessor-version":[{"id":939,"href":"https:\/\/laboratoriosciudadanos.siciudadania.co\/index.php\/wp-json\/wp\/v2\/pages\/751\/revisions\/939"}],"wp:attachment":[{"href":"https:\/\/laboratoriosciudadanos.siciudadania.co\/index.php\/wp-json\/wp\/v2\/media?parent=751"}],"curies":[{"name":"wp","href":"https:\/\/api.w.org\/{rel}","templated":true}]}}